{"id":106,"date":"2017-10-11T01:26:14","date_gmt":"2017-10-10T23:26:14","guid":{"rendered":"http:\/\/www.fremap.com\/?page_id=106"},"modified":"2018-07-25T13:41:32","modified_gmt":"2018-07-25T11:41:32","slug":"applications","status":"publish","type":"page","link":"http:\/\/www.fremap.com\/?page_id=106","title":{"rendered":"Applications"},"content":{"rendered":"<ul>\n<li><a href=\"http:\/\/www.fremap.com\/?page_id=120\">Chimie<\/a><\/li>\n<li><a href=\"http:\/\/www.fremap.com\/?page_id=110\">Emballage<\/a><\/li>\n<li><a href=\"http:\/\/www.fremap.com\/?page_id=112\">Industrie automobile<\/a><\/li>\n<li><a href=\"http:\/\/www.fremap.com\/?page_id=118\">Plastique et caoutchouc<\/a><\/li>\n<li><a href=\"http:\/\/www.fremap.com\/?page_id=115\">S\u00e9chage et chauffage<\/a><\/li>\n<li><a href=\"http:\/\/www.fremap.com\/?page_id=124\">Semi-conducteur et \u00e9lectronique<\/a><\/li>\n<li><a href=\"http:\/\/www.fremap.com\/?page_id=122\">Soudure et brasage<\/a><\/li>\n<li><a href=\"http:\/\/www.fremap.com\/?page_id=127\">St\u00e9rilisation<\/a><\/li>\n<\/ul>\n","protected":false},"excerpt":{"rendered":"<p>Chimie Emballage Industrie automobile Plastique et caoutchouc S\u00e9chage et chauffage Semi-conducteur et \u00e9lectronique Soudure et brasage St\u00e9rilisation<\/p>\n","protected":false},"author":1,"featured_media":0,"parent":0,"menu_order":0,"comment_status":"closed","ping_status":"closed","template":"","meta":[],"_links":{"self":[{"href":"http:\/\/www.fremap.com\/index.php?rest_route=\/wp\/v2\/pages\/106"}],"collection":[{"href":"http:\/\/www.fremap.com\/index.php?rest_route=\/wp\/v2\/pages"}],"about":[{"href":"http:\/\/www.fremap.com\/index.php?rest_route=\/wp\/v2\/types\/page"}],"author":[{"embeddable":true,"href":"http:\/\/www.fremap.com\/index.php?rest_route=\/wp\/v2\/users\/1"}],"replies":[{"embeddable":true,"href":"http:\/\/www.fremap.com\/index.php?rest_route=%2Fwp%2Fv2%2Fcomments&post=106"}],"version-history":[{"count":3,"href":"http:\/\/www.fremap.com\/index.php?rest_route=\/wp\/v2\/pages\/106\/revisions"}],"predecessor-version":[{"id":647,"href":"http:\/\/www.fremap.com\/index.php?rest_route=\/wp\/v2\/pages\/106\/revisions\/647"}],"wp:attachment":[{"href":"http:\/\/www.fremap.com\/index.php?rest_route=%2Fwp%2Fv2%2Fmedia&parent=106"}],"curies":[{"name":"wp","href":"https:\/\/api.w.org\/{rel}","templated":true}]}}