{"id":11,"date":"2017-10-10T23:42:01","date_gmt":"2017-10-10T21:42:01","guid":{"rendered":"http:\/\/www.fremap.com\/?page_id=11"},"modified":"2019-09-08T22:22:34","modified_gmt":"2019-09-08T20:22:34","slug":"principe-de-fonctionnement","status":"publish","type":"page","link":"http:\/\/www.fremap.com\/?page_id=11","title":{"rendered":"Principe de fonctionnement"},"content":{"rendered":"<h4>Principe de fonctionnement du r\u00e9chauffeur d\u2019air \u00e0 haute temp\u00e9rature Tutco <strong><span style=\"text-align: left; color: #333333; text-transform: none; text-indent: 0px; letter-spacing: normal; font-family: Georgia,'Times New Roman','Bitstream Charter',Times,serif; font-size: 16px; font-style: normal; font-variant: normal; text-decoration: none; word-spacing: 0px; display: inline !important; white-space: normal; cursor: text; orphans: 2; float: none; -webkit-text-stroke-width: 0px; background-color: #ffffff;\">SureHeat<\/span><\/strong><\/h4>\n<p>Le principe de base est de faire passer de l\u2019air puls\u00e9 via de l&rsquo;air comprim\u00e9 ou d&rsquo;un ventilateur\u00a0\u00e0 travers un \u00e9l\u00e9ment tubulaire en acier inoxydable usin\u00e9 et \u00e9quip\u00e9 d\u2019une r\u00e9sistance chauffante unique, compos\u00e9e d\u2019alliage Fe Cr Al, enroul\u00e9e d\u2019une fa\u00e7on sp\u00e9cifique (porc-\u00e9pic) sur un support filet\u00e9 en c\u00e9ramique, le tout plac\u00e9 dans un tube de quartz ou de c\u00e9ramique.<\/p>\n<p>Ce proc\u00e9d\u00e9 permet d\u2019obtenir un maximum d\u2019\u00e9change thermique et un transfert de calories\u00a0optimum dans un minimum de volume.<\/p>\n<p><img decoding=\"async\" loading=\"lazy\" class=\"alignnone size-full wp-image-12\" src=\"http:\/\/www.fremap.com\/wp-content\/uploads\/2017\/10\/principe_fonct.gif\" alt=\"\" width=\"475\" height=\"125\" \/><\/p>\n<p>De cette mani\u00e8re, on obtient un \u00e9l\u00e9ment tr\u00e8s compact, dot\u00e9 d\u2019une tr\u00e8s faible inertie thermique et d&rsquo;une grande r\u00e9activit\u00e9.<\/p>\n<p>De par sa conception, les connexions d\u2019alimentation \u00e9lectrique entr\u00e9e et sortie de la r\u00e9sistance du r\u00e9chauffeur, restent toujours \u00e0 basse temp\u00e9rature.<br \/>\nL\u2019air chaud peut atteindre \u00e0 la sortie du tube une tr\u00e8s haute temp\u00e9rature jusqu&rsquo;\u00e0 900\u00b0C pour des volumes d&rsquo;air de 100 Lpm \u00e0 1300 Lpm.<\/p>\n<div><strong>Ils sont facilement adaptables \u00e0\u00a0votre application:<\/strong><\/div>\n<div>\u2022\u00a0L\u2019air chaud est concentr\u00e9 en sortie du r\u00e9chauffeur. (pas de surchauffe de l&rsquo;environnement imm\u00e9diat)<br \/>\n\u2022\u00a0Il est possible de d\u00e9velopper des tuy\u00e8res sp\u00e9cifiques,\u00a0afin de focaliser le flux d&rsquo;air chaud \u00e0 l&rsquo;endroit voulu.<br \/>\n\u2022 faible inertie thermique,\u00a0grande r\u00e9activit\u00e9 de r\u00e9gulation et pr\u00e9cision de chauffe\u00a0\u00e0 +\/- 2\u00b0C\u00a0.<br \/>\n\u2022 compacit\u00e9 du r\u00e9chauffeur par rapport aux autres solutions de chauffage d&rsquo;air.<\/div>\n<div>\u2022 Temp\u00e9rature de sortie jusque 900\u00b0C.<\/div>\n<h4>Sa faible inertie thermique combin\u00e9e \u00e0 des d\u00e9perditions\u00a0thermiques limit\u00e9es permet d&rsquo;\u00e9conomiser l&rsquo;\u00e9nergie.<\/h4>\n","protected":false},"excerpt":{"rendered":"<p>Principe de fonctionnement du r\u00e9chauffeur d\u2019air \u00e0 haute temp\u00e9rature Tutco SureHeat Le principe de base est de faire passer de l\u2019air puls\u00e9 via de l&rsquo;air comprim\u00e9 ou d&rsquo;un ventilateur\u00a0\u00e0 travers un \u00e9l\u00e9ment tubulaire en acier inoxydable usin\u00e9 et \u00e9quip\u00e9 d\u2019une r\u00e9sistance chauffante unique, compos\u00e9e d\u2019alliage Fe Cr Al, enroul\u00e9e d\u2019une fa\u00e7on sp\u00e9cifique (porc-\u00e9pic) sur un [&hellip;]<\/p>\n","protected":false},"author":1,"featured_media":0,"parent":9,"menu_order":0,"comment_status":"closed","ping_status":"closed","template":"","meta":[],"_links":{"self":[{"href":"http:\/\/www.fremap.com\/index.php?rest_route=\/wp\/v2\/pages\/11"}],"collection":[{"href":"http:\/\/www.fremap.com\/index.php?rest_route=\/wp\/v2\/pages"}],"about":[{"href":"http:\/\/www.fremap.com\/index.php?rest_route=\/wp\/v2\/types\/page"}],"author":[{"embeddable":true,"href":"http:\/\/www.fremap.com\/index.php?rest_route=\/wp\/v2\/users\/1"}],"replies":[{"embeddable":true,"href":"http:\/\/www.fremap.com\/index.php?rest_route=%2Fwp%2Fv2%2Fcomments&post=11"}],"version-history":[{"count":4,"href":"http:\/\/www.fremap.com\/index.php?rest_route=\/wp\/v2\/pages\/11\/revisions"}],"predecessor-version":[{"id":773,"href":"http:\/\/www.fremap.com\/index.php?rest_route=\/wp\/v2\/pages\/11\/revisions\/773"}],"up":[{"embeddable":true,"href":"http:\/\/www.fremap.com\/index.php?rest_route=\/wp\/v2\/pages\/9"}],"wp:attachment":[{"href":"http:\/\/www.fremap.com\/index.php?rest_route=%2Fwp%2Fv2%2Fmedia&parent=11"}],"curies":[{"name":"wp","href":"https:\/\/api.w.org\/{rel}","templated":true}]}}